{"id":425,"date":"2017-09-05T11:51:24","date_gmt":"2017-09-05T09:51:24","guid":{"rendered":"http:\/\/xonit.eu\/utwswce\/?page_id=425"},"modified":"2017-09-27T17:18:05","modified_gmt":"2017-09-27T15:18:05","slug":"iii-swietochlowicka-uniwersjada-seniorow","status":"publish","type":"page","link":"https:\/\/xonit.eu\/utwswce\/iii-swietochlowicka-uniwersjada-seniorow\/","title":{"rendered":"III \u015awi\u0119toch\u0142owicka Uniwersjada Senior\u00f3w"},"content":{"rendered":"<p><em>Witajcie,<\/em><\/p>\n<p>Aura tym razem\u00a0 niestety nie dopisa\u0142a.<\/p>\n<p>Tym wi\u0119ksze jest moje uznanie dla wszystkich Kole\u017canek i Koleg\u00f3w, kt\u00f3rzy wzi\u0119li udzia\u0142<\/p>\n<p>w zmaganiach sportowych, szczeg\u00f3lnie w nordic walking i wy\u015bcigu rowerowym.<\/p>\n<p>W III Uniwersjadzie by\u0142o do zdobycia 57 medali (po 19 z\u0142otych, srebrnych i br\u0105zowych).<\/p>\n<p>Zawodnicy zdobyli \u0142\u0105cznie 52 medale (19 z\u0142otych, 19 srebrnych i 14 br\u0105zowych) gdy\u017c nie wszystkie konkurencje mia\u0142y pe\u0142n\u0105 obsad\u0119.<\/p>\n<p>Zgodnie z Regulaminem pkt. 3 &#8222;Zasady klasyfikacji&#8221; o miejscu w rankingu decyduje \u0142\u0105czna suma punkt\u00f3w uzyskanych przez reprezentant\u00f3w we wszystkich konkurencjach.<\/p>\n<p><span style=\"text-decoration: underline;\">Wyniki podajemy w tabeli zbiorczej.<\/span><\/p>\n<table border=\"1\" width=\"542\">\n<tbody>\n<tr>\n<td width=\"131\"><\/td>\n<td width=\"39\"><\/td>\n<td width=\"68\">Miejsca<\/td>\n<td width=\"62\">z\u0142oto<\/td>\n<td width=\"62\">srebro<\/td>\n<td width=\"62\">br\u0105z<\/td>\n<td width=\"118\">\u0142\u0105cznie medali<\/td>\n<\/tr>\n<tr>\n<td style=\"text-align: center;\">\u015awi\u0119toch\u0142owice<\/td>\n<td style=\"text-align: center;\">107<\/td>\n<td style=\"text-align: center;\">1<\/td>\n<td style=\"text-align: center;\">8<\/td>\n<td style=\"text-align: center;\">2<\/td>\n<td style=\"text-align: center;\">7<\/td>\n<td style=\"text-align: center;\">17<\/td>\n<\/tr>\n<tr>\n<td style=\"text-align: center;\">Bytom<\/td>\n<td style=\"text-align: center;\">84<\/td>\n<td style=\"text-align: center;\">2<\/td>\n<td style=\"text-align: center;\">4<\/td>\n<td style=\"text-align: center;\">6<\/td>\n<td style=\"text-align: center;\">1<\/td>\n<td style=\"text-align: center;\">11<\/td>\n<\/tr>\n<tr>\n<td style=\"text-align: center;\">Katowice<\/td>\n<td style=\"text-align: center;\">59<\/td>\n<td style=\"text-align: center;\">3<\/td>\n<td style=\"text-align: center;\">3<\/td>\n<td style=\"text-align: center;\">4<\/td>\n<td style=\"text-align: center;\">1<\/td>\n<td style=\"text-align: center;\">8<\/td>\n<\/tr>\n<tr>\n<td style=\"text-align: center;\">Pszczyna<\/td>\n<td style=\"text-align: center;\">37<\/td>\n<td style=\"text-align: center;\">4<\/td>\n<td style=\"text-align: center;\">2<\/td>\n<td style=\"text-align: center;\">0<\/td>\n<td style=\"text-align: center;\">1<\/td>\n<td style=\"text-align: center;\">3<\/td>\n<\/tr>\n<tr>\n<td style=\"text-align: center;\">Rybnik<\/td>\n<td style=\"text-align: center;\">30<\/td>\n<td style=\"text-align: center;\">5<\/td>\n<td style=\"text-align: center;\">1<\/td>\n<td style=\"text-align: center;\">2<\/td>\n<td style=\"text-align: center;\">0<\/td>\n<td style=\"text-align: center;\">3<\/td>\n<\/tr>\n<tr>\n<td style=\"text-align: center;\">Ruda \u015al\u0105ska<\/td>\n<td style=\"text-align: center;\">30<\/td>\n<td style=\"text-align: center;\">6<\/td>\n<td style=\"text-align: center;\">1<\/td>\n<td style=\"text-align: center;\">1<\/td>\n<td style=\"text-align: center;\">2<\/td>\n<td style=\"text-align: center;\">4<\/td>\n<\/tr>\n<tr>\n<td style=\"text-align: center;\">Chorz\u00f3w<\/td>\n<td style=\"text-align: center;\">27<\/td>\n<td style=\"text-align: center;\">7<\/td>\n<td style=\"text-align: center;\">0<\/td>\n<td style=\"text-align: center;\">0<\/td>\n<td style=\"text-align: center;\">2<\/td>\n<td style=\"text-align: center;\">2<\/td>\n<\/tr>\n<tr>\n<td style=\"text-align: center;\">Piekary<\/td>\n<td style=\"text-align: center;\">18<\/td>\n<td style=\"text-align: center;\">8<\/td>\n<td style=\"text-align: center;\">0<\/td>\n<td style=\"text-align: center;\">3<\/td>\n<td style=\"text-align: center;\">0<\/td>\n<td style=\"text-align: center;\">3<\/td>\n<\/tr>\n<tr>\n<td style=\"text-align: center;\">Jaworzno<\/td>\n<td style=\"text-align: center;\">10<\/td>\n<td style=\"text-align: center;\">9<\/td>\n<td style=\"text-align: center;\">0<\/td>\n<td style=\"text-align: center;\">1<\/td>\n<td style=\"text-align: center;\">0<\/td>\n<td style=\"text-align: center;\">1<\/td>\n<\/tr>\n<\/tbody>\n<\/table>\n<p>Jeszcze raz bardzo serdecznie dzi\u0119kuj\u0119 wszystkim uczestnikom III Uniwersjady UTW<\/p>\n<p>w \u015awi\u0119toch\u0142owicach.<\/p>\n<p>Mam nadziej\u0119, \u017ce spotkamy si\u0119 (w by\u0107 mo\u017ce jeszcze szerszym gronie) za rok , a s\u0142o\u0144ce nie zawiedzie i b\u0119dzie \u015bwieci\u0142o pe\u0142nym blaskiem.<\/p>\n<p style=\"text-align: right;\"><em>Z powa\u017caniem i serdecznym pozdrowieniem<\/em><\/p>\n<p style=\"text-align: right;\"><em>Henryk Duda Wiceprezes Zarz\u0105du<\/em><\/p>\n<table border=\"1\">\n<tbody>\n<tr>\n<td style=\"text-align: center;\"><a href=\"http:\/\/xonit.eu\/utwswce\/wp-content\/uploads\/2017\/09\/3_swietochlowicka_uniwersjada-1.jpg\"><img loading=\"lazy\" decoding=\"async\" class=\"alignnone size-medium wp-image-471\" src=\"http:\/\/xonit.eu\/utwswce\/wp-content\/uploads\/2017\/09\/3_swietochlowicka_uniwersjada-1-300x200.jpg\" alt=\"\" width=\"300\" height=\"200\" srcset=\"https:\/\/xonit.eu\/utwswce\/wp-content\/uploads\/2017\/09\/3_swietochlowicka_uniwersjada-1-300x200.jpg 300w, https:\/\/xonit.eu\/utwswce\/wp-content\/uploads\/2017\/09\/3_swietochlowicka_uniwersjada-1-768x513.jpg 768w, https:\/\/xonit.eu\/utwswce\/wp-content\/uploads\/2017\/09\/3_swietochlowicka_uniwersjada-1-750x501.jpg 750w, https:\/\/xonit.eu\/utwswce\/wp-content\/uploads\/2017\/09\/3_swietochlowicka_uniwersjada-1.jpg 800w\" sizes=\"auto, (max-width: 300px) 100vw, 300px\" \/><\/a><\/td>\n<td><a href=\"http:\/\/xonit.eu\/utwswce\/wp-content\/uploads\/2017\/09\/3_swietochlowicka_uniwersjada-2.jpg\"><img loading=\"lazy\" decoding=\"async\" class=\"size-medium wp-image-472 aligncenter\" src=\"http:\/\/xonit.eu\/utwswce\/wp-content\/uploads\/2017\/09\/3_swietochlowicka_uniwersjada-2-300x230.jpg\" alt=\"\" width=\"300\" height=\"230\" srcset=\"https:\/\/xonit.eu\/utwswce\/wp-content\/uploads\/2017\/09\/3_swietochlowicka_uniwersjada-2-300x230.jpg 300w, https:\/\/xonit.eu\/utwswce\/wp-content\/uploads\/2017\/09\/3_swietochlowicka_uniwersjada-2-768x588.jpg 768w, https:\/\/xonit.eu\/utwswce\/wp-content\/uploads\/2017\/09\/3_swietochlowicka_uniwersjada-2-750x574.jpg 750w, https:\/\/xonit.eu\/utwswce\/wp-content\/uploads\/2017\/09\/3_swietochlowicka_uniwersjada-2.jpg 784w\" sizes=\"auto, (max-width: 300px) 100vw, 300px\" \/><\/a><\/td>\n<td><a href=\"http:\/\/xonit.eu\/utwswce\/wp-content\/uploads\/2017\/09\/3_swietochlowicka_uniwersjada-3.jpg\"><img loading=\"lazy\" decoding=\"async\" class=\"size-medium wp-image-473 aligncenter\" src=\"http:\/\/xonit.eu\/utwswce\/wp-content\/uploads\/2017\/09\/3_swietochlowicka_uniwersjada-3-300x188.jpg\" alt=\"\" width=\"300\" height=\"188\" srcset=\"https:\/\/xonit.eu\/utwswce\/wp-content\/uploads\/2017\/09\/3_swietochlowicka_uniwersjada-3-300x188.jpg 300w, https:\/\/xonit.eu\/utwswce\/wp-content\/uploads\/2017\/09\/3_swietochlowicka_uniwersjada-3-768x481.jpg 768w, https:\/\/xonit.eu\/utwswce\/wp-content\/uploads\/2017\/09\/3_swietochlowicka_uniwersjada-3-750x470.jpg 750w, https:\/\/xonit.eu\/utwswce\/wp-content\/uploads\/2017\/09\/3_swietochlowicka_uniwersjada-3.jpg 800w\" sizes=\"auto, (max-width: 300px) 100vw, 300px\" \/><\/a><\/td>\n<\/tr>\n<tr>\n<td><a href=\"http:\/\/xonit.eu\/utwswce\/wp-content\/uploads\/2017\/09\/3_swietochlowicka_uniwersjada-4.jpg\"><img loading=\"lazy\" decoding=\"async\" class=\"size-medium wp-image-474 aligncenter\" src=\"http:\/\/xonit.eu\/utwswce\/wp-content\/uploads\/2017\/09\/3_swietochlowicka_uniwersjada-4-300x208.jpg\" alt=\"\" width=\"300\" height=\"208\" srcset=\"https:\/\/xonit.eu\/utwswce\/wp-content\/uploads\/2017\/09\/3_swietochlowicka_uniwersjada-4-300x208.jpg 300w, https:\/\/xonit.eu\/utwswce\/wp-content\/uploads\/2017\/09\/3_swietochlowicka_uniwersjada-4-768x533.jpg 768w, https:\/\/xonit.eu\/utwswce\/wp-content\/uploads\/2017\/09\/3_swietochlowicka_uniwersjada-4-750x520.jpg 750w, https:\/\/xonit.eu\/utwswce\/wp-content\/uploads\/2017\/09\/3_swietochlowicka_uniwersjada-4.jpg 800w\" sizes=\"auto, (max-width: 300px) 100vw, 300px\" \/><\/a><\/td>\n<td><a href=\"http:\/\/xonit.eu\/utwswce\/wp-content\/uploads\/2017\/09\/3_swietochlowicka_uniwersjada-5.jpg\"><img loading=\"lazy\" decoding=\"async\" class=\"size-medium wp-image-475 aligncenter\" src=\"http:\/\/xonit.eu\/utwswce\/wp-content\/uploads\/2017\/09\/3_swietochlowicka_uniwersjada-5-300x209.jpg\" alt=\"\" width=\"300\" height=\"209\" srcset=\"https:\/\/xonit.eu\/utwswce\/wp-content\/uploads\/2017\/09\/3_swietochlowicka_uniwersjada-5-300x209.jpg 300w, https:\/\/xonit.eu\/utwswce\/wp-content\/uploads\/2017\/09\/3_swietochlowicka_uniwersjada-5-768x534.jpg 768w, https:\/\/xonit.eu\/utwswce\/wp-content\/uploads\/2017\/09\/3_swietochlowicka_uniwersjada-5-750x521.jpg 750w, https:\/\/xonit.eu\/utwswce\/wp-content\/uploads\/2017\/09\/3_swietochlowicka_uniwersjada-5.jpg 800w\" sizes=\"auto, (max-width: 300px) 100vw, 300px\" \/><\/a><\/td>\n<td><a href=\"http:\/\/xonit.eu\/utwswce\/wp-content\/uploads\/2017\/09\/3_swietochlowicka_uniwersjada-6.jpg\"><img loading=\"lazy\" decoding=\"async\" class=\"size-medium wp-image-476 aligncenter\" src=\"http:\/\/xonit.eu\/utwswce\/wp-content\/uploads\/2017\/09\/3_swietochlowicka_uniwersjada-6-300x225.jpg\" alt=\"\" width=\"300\" height=\"225\" srcset=\"https:\/\/xonit.eu\/utwswce\/wp-content\/uploads\/2017\/09\/3_swietochlowicka_uniwersjada-6-300x225.jpg 300w, https:\/\/xonit.eu\/utwswce\/wp-content\/uploads\/2017\/09\/3_swietochlowicka_uniwersjada-6-768x575.jpg 768w, https:\/\/xonit.eu\/utwswce\/wp-content\/uploads\/2017\/09\/3_swietochlowicka_uniwersjada-6-750x562.jpg 750w, https:\/\/xonit.eu\/utwswce\/wp-content\/uploads\/2017\/09\/3_swietochlowicka_uniwersjada-6.jpg 800w\" sizes=\"auto, (max-width: 300px) 100vw, 300px\" \/><\/a><\/td>\n<\/tr>\n<tr>\n<td><a href=\"http:\/\/xonit.eu\/utwswce\/wp-content\/uploads\/2017\/09\/3_swietochlowicka_uniwersjada-7.jpg\"><img loading=\"lazy\" decoding=\"async\" class=\"size-medium wp-image-477 aligncenter\" src=\"http:\/\/xonit.eu\/utwswce\/wp-content\/uploads\/2017\/09\/3_swietochlowicka_uniwersjada-7-300x200.jpg\" alt=\"\" width=\"300\" height=\"200\" srcset=\"https:\/\/xonit.eu\/utwswce\/wp-content\/uploads\/2017\/09\/3_swietochlowicka_uniwersjada-7-300x200.jpg 300w, https:\/\/xonit.eu\/utwswce\/wp-content\/uploads\/2017\/09\/3_swietochlowicka_uniwersjada-7-768x512.jpg 768w, https:\/\/xonit.eu\/utwswce\/wp-content\/uploads\/2017\/09\/3_swietochlowicka_uniwersjada-7-750x500.jpg 750w, https:\/\/xonit.eu\/utwswce\/wp-content\/uploads\/2017\/09\/3_swietochlowicka_uniwersjada-7.jpg 800w\" sizes=\"auto, (max-width: 300px) 100vw, 300px\" \/><\/a><\/td>\n<td><a href=\"http:\/\/xonit.eu\/utwswce\/wp-content\/uploads\/2017\/09\/3_swietochlowicka_uniwersjada-8.jpg\"><img loading=\"lazy\" decoding=\"async\" class=\"size-medium wp-image-478 aligncenter\" src=\"http:\/\/xonit.eu\/utwswce\/wp-content\/uploads\/2017\/09\/3_swietochlowicka_uniwersjada-8-300x197.jpg\" alt=\"\" width=\"300\" height=\"197\" srcset=\"https:\/\/xonit.eu\/utwswce\/wp-content\/uploads\/2017\/09\/3_swietochlowicka_uniwersjada-8-300x197.jpg 300w, https:\/\/xonit.eu\/utwswce\/wp-content\/uploads\/2017\/09\/3_swietochlowicka_uniwersjada-8-768x504.jpg 768w, https:\/\/xonit.eu\/utwswce\/wp-content\/uploads\/2017\/09\/3_swietochlowicka_uniwersjada-8-750x492.jpg 750w, https:\/\/xonit.eu\/utwswce\/wp-content\/uploads\/2017\/09\/3_swietochlowicka_uniwersjada-8.jpg 800w\" sizes=\"auto, (max-width: 300px) 100vw, 300px\" \/><\/a><\/td>\n<td><a href=\"http:\/\/xonit.eu\/utwswce\/wp-content\/uploads\/2017\/09\/3_swietochlowicka_uniwersjada-9.jpg\"><img loading=\"lazy\" decoding=\"async\" class=\"size-medium wp-image-479 aligncenter\" src=\"http:\/\/xonit.eu\/utwswce\/wp-content\/uploads\/2017\/09\/3_swietochlowicka_uniwersjada-9-300x196.jpg\" alt=\"\" width=\"300\" height=\"196\" srcset=\"https:\/\/xonit.eu\/utwswce\/wp-content\/uploads\/2017\/09\/3_swietochlowicka_uniwersjada-9-300x196.jpg 300w, https:\/\/xonit.eu\/utwswce\/wp-content\/uploads\/2017\/09\/3_swietochlowicka_uniwersjada-9-768x501.jpg 768w, https:\/\/xonit.eu\/utwswce\/wp-content\/uploads\/2017\/09\/3_swietochlowicka_uniwersjada-9-750x489.jpg 750w, https:\/\/xonit.eu\/utwswce\/wp-content\/uploads\/2017\/09\/3_swietochlowicka_uniwersjada-9.jpg 800w\" sizes=\"auto, (max-width: 300px) 100vw, 300px\" \/><\/a><\/td>\n<\/tr>\n<tr>\n<td><a href=\"http:\/\/xonit.eu\/utwswce\/wp-content\/uploads\/2017\/09\/3_swietochlowicka_uniwersjada-10.jpg\"><img loading=\"lazy\" decoding=\"async\" class=\"size-medium wp-image-480 aligncenter\" src=\"http:\/\/xonit.eu\/utwswce\/wp-content\/uploads\/2017\/09\/3_swietochlowicka_uniwersjada-10-300x215.jpg\" alt=\"\" width=\"300\" height=\"215\" srcset=\"https:\/\/xonit.eu\/utwswce\/wp-content\/uploads\/2017\/09\/3_swietochlowicka_uniwersjada-10-300x215.jpg 300w, https:\/\/xonit.eu\/utwswce\/wp-content\/uploads\/2017\/09\/3_swietochlowicka_uniwersjada-10-768x550.jpg 768w, https:\/\/xonit.eu\/utwswce\/wp-content\/uploads\/2017\/09\/3_swietochlowicka_uniwersjada-10-750x537.jpg 750w, https:\/\/xonit.eu\/utwswce\/wp-content\/uploads\/2017\/09\/3_swietochlowicka_uniwersjada-10.jpg 800w\" sizes=\"auto, (max-width: 300px) 100vw, 300px\" \/><\/a><\/td>\n<td><a href=\"http:\/\/xonit.eu\/utwswce\/wp-content\/uploads\/2017\/09\/3_swietochlowicka_uniwersjada-11.jpg\"><img loading=\"lazy\" decoding=\"async\" class=\"size-medium wp-image-481 aligncenter\" src=\"http:\/\/xonit.eu\/utwswce\/wp-content\/uploads\/2017\/09\/3_swietochlowicka_uniwersjada-11-300x182.jpg\" alt=\"\" width=\"300\" height=\"182\" srcset=\"https:\/\/xonit.eu\/utwswce\/wp-content\/uploads\/2017\/09\/3_swietochlowicka_uniwersjada-11-300x182.jpg 300w, https:\/\/xonit.eu\/utwswce\/wp-content\/uploads\/2017\/09\/3_swietochlowicka_uniwersjada-11-768x467.jpg 768w, https:\/\/xonit.eu\/utwswce\/wp-content\/uploads\/2017\/09\/3_swietochlowicka_uniwersjada-11-750x456.jpg 750w, https:\/\/xonit.eu\/utwswce\/wp-content\/uploads\/2017\/09\/3_swietochlowicka_uniwersjada-11.jpg 800w\" sizes=\"auto, (max-width: 300px) 100vw, 300px\" \/><\/a><\/td>\n<td><a href=\"http:\/\/xonit.eu\/utwswce\/wp-content\/uploads\/2017\/09\/3_swietochlowicka_uniwersjada-12.jpg\"><img loading=\"lazy\" decoding=\"async\" class=\"size-medium wp-image-482 aligncenter\" src=\"http:\/\/xonit.eu\/utwswce\/wp-content\/uploads\/2017\/09\/3_swietochlowicka_uniwersjada-12-300x200.jpg\" alt=\"\" width=\"300\" height=\"200\" srcset=\"https:\/\/xonit.eu\/utwswce\/wp-content\/uploads\/2017\/09\/3_swietochlowicka_uniwersjada-12-300x200.jpg 300w, https:\/\/xonit.eu\/utwswce\/wp-content\/uploads\/2017\/09\/3_swietochlowicka_uniwersjada-12-768x512.jpg 768w, https:\/\/xonit.eu\/utwswce\/wp-content\/uploads\/2017\/09\/3_swietochlowicka_uniwersjada-12-750x500.jpg 750w, https:\/\/xonit.eu\/utwswce\/wp-content\/uploads\/2017\/09\/3_swietochlowicka_uniwersjada-12.jpg 800w\" sizes=\"auto, (max-width: 300px) 100vw, 300px\" \/><\/a><\/td>\n<\/tr>\n<tr>\n<td><a href=\"http:\/\/xonit.eu\/utwswce\/wp-content\/uploads\/2017\/09\/3_swietochlowicka_uniwersjada-16.jpg\"><img loading=\"lazy\" decoding=\"async\" class=\"size-medium wp-image-486 aligncenter\" src=\"http:\/\/xonit.eu\/utwswce\/wp-content\/uploads\/2017\/09\/3_swietochlowicka_uniwersjada-16-300x228.jpg\" alt=\"\" width=\"300\" height=\"228\" srcset=\"https:\/\/xonit.eu\/utwswce\/wp-content\/uploads\/2017\/09\/3_swietochlowicka_uniwersjada-16-300x228.jpg 300w, https:\/\/xonit.eu\/utwswce\/wp-content\/uploads\/2017\/09\/3_swietochlowicka_uniwersjada-16-768x585.jpg 768w, https:\/\/xonit.eu\/utwswce\/wp-content\/uploads\/2017\/09\/3_swietochlowicka_uniwersjada-16-750x571.jpg 750w, https:\/\/xonit.eu\/utwswce\/wp-content\/uploads\/2017\/09\/3_swietochlowicka_uniwersjada-16.jpg 788w\" sizes=\"auto, (max-width: 300px) 100vw, 300px\" \/><\/a><\/td>\n<td><a href=\"http:\/\/xonit.eu\/utwswce\/wp-content\/uploads\/2017\/09\/3_swietochlowicka_uniwersjada-14.jpg\"><img loading=\"lazy\" decoding=\"async\" class=\"size-medium wp-image-484 aligncenter\" src=\"http:\/\/xonit.eu\/utwswce\/wp-content\/uploads\/2017\/09\/3_swietochlowicka_uniwersjada-14-300x206.jpg\" alt=\"\" width=\"300\" height=\"206\" srcset=\"https:\/\/xonit.eu\/utwswce\/wp-content\/uploads\/2017\/09\/3_swietochlowicka_uniwersjada-14-300x206.jpg 300w, https:\/\/xonit.eu\/utwswce\/wp-content\/uploads\/2017\/09\/3_swietochlowicka_uniwersjada-14-768x528.jpg 768w, https:\/\/xonit.eu\/utwswce\/wp-content\/uploads\/2017\/09\/3_swietochlowicka_uniwersjada-14-750x516.jpg 750w, https:\/\/xonit.eu\/utwswce\/wp-content\/uploads\/2017\/09\/3_swietochlowicka_uniwersjada-14.jpg 800w\" sizes=\"auto, (max-width: 300px) 100vw, 300px\" \/><\/a><\/td>\n<td><a href=\"http:\/\/xonit.eu\/utwswce\/wp-content\/uploads\/2017\/09\/3_swietochlowicka_uniwersjada-15.jpg\"><img loading=\"lazy\" decoding=\"async\" class=\"size-medium wp-image-485 aligncenter\" src=\"http:\/\/xonit.eu\/utwswce\/wp-content\/uploads\/2017\/09\/3_swietochlowicka_uniwersjada-15-300x229.jpg\" alt=\"\" width=\"300\" height=\"229\" srcset=\"https:\/\/xonit.eu\/utwswce\/wp-content\/uploads\/2017\/09\/3_swietochlowicka_uniwersjada-15-300x229.jpg 300w, https:\/\/xonit.eu\/utwswce\/wp-content\/uploads\/2017\/09\/3_swietochlowicka_uniwersjada-15-768x586.jpg 768w, https:\/\/xonit.eu\/utwswce\/wp-content\/uploads\/2017\/09\/3_swietochlowicka_uniwersjada-15-750x572.jpg 750w, https:\/\/xonit.eu\/utwswce\/wp-content\/uploads\/2017\/09\/3_swietochlowicka_uniwersjada-15.jpg 787w\" sizes=\"auto, (max-width: 300px) 100vw, 300px\" \/><\/a><\/td>\n<\/tr>\n<tr>\n<td>\u00a0<a href=\"http:\/\/xonit.eu\/utwswce\/wp-content\/uploads\/2017\/09\/3_swietochlowicka_uniwersjada-13.jpg\"><img loading=\"lazy\" decoding=\"async\" class=\"aligncenter wp-image-483 size-medium\" src=\"http:\/\/xonit.eu\/utwswce\/wp-content\/uploads\/2017\/09\/3_swietochlowicka_uniwersjada-13-179x300.jpg\" alt=\"\" width=\"179\" height=\"300\" srcset=\"https:\/\/xonit.eu\/utwswce\/wp-content\/uploads\/2017\/09\/3_swietochlowicka_uniwersjada-13-179x300.jpg 179w, https:\/\/xonit.eu\/utwswce\/wp-content\/uploads\/2017\/09\/3_swietochlowicka_uniwersjada-13.jpg 357w\" sizes=\"auto, (max-width: 179px) 100vw, 179px\" \/><\/a><\/td>\n<td>\u00a0<a href=\"http:\/\/xonit.eu\/utwswce\/wp-content\/uploads\/2017\/09\/3_swietochlowicka_uniwersjada-18.jpg\"><img loading=\"lazy\" decoding=\"async\" class=\"aligncenter wp-image-488\" src=\"http:\/\/xonit.eu\/utwswce\/wp-content\/uploads\/2017\/09\/3_swietochlowicka_uniwersjada-18-235x300.jpg\" alt=\"\" width=\"235\" height=\"300\" srcset=\"https:\/\/xonit.eu\/utwswce\/wp-content\/uploads\/2017\/09\/3_swietochlowicka_uniwersjada-18-235x300.jpg 235w, https:\/\/xonit.eu\/utwswce\/wp-content\/uploads\/2017\/09\/3_swietochlowicka_uniwersjada-18.jpg 469w\" sizes=\"auto, (max-width: 235px) 100vw, 235px\" \/><\/a><\/td>\n<td>\u00a0<a href=\"http:\/\/xonit.eu\/utwswce\/wp-content\/uploads\/2017\/09\/3_swietochlowicka_uniwersjada-21.jpg\"><img loading=\"lazy\" decoding=\"async\" class=\"size-medium wp-image-491 aligncenter\" src=\"http:\/\/xonit.eu\/utwswce\/wp-content\/uploads\/2017\/09\/3_swietochlowicka_uniwersjada-21-176x300.jpg\" alt=\"\" width=\"176\" height=\"300\" srcset=\"https:\/\/xonit.eu\/utwswce\/wp-content\/uploads\/2017\/09\/3_swietochlowicka_uniwersjada-21-176x300.jpg 176w, https:\/\/xonit.eu\/utwswce\/wp-content\/uploads\/2017\/09\/3_swietochlowicka_uniwersjada-21.jpg 351w\" sizes=\"auto, (max-width: 176px) 100vw, 176px\" \/><\/a><\/td>\n<\/tr>\n<\/tbody>\n<\/table>\n<p style=\"text-align: right;\"><em><span style=\"font-family: Calibri;\">\u017ar\u00f3d\u0142o: UM \u015awi\u0119toch\u0142owice<\/span><\/em><\/p>\n<h4 style=\"text-align: left;\"><strong><em><span style=\"color: #008000;\">Zarz\u0105d Uniwersytetu Trzeciego Wieku w \u015awi\u0119toch\u0142owicach gratuluje wszystkim zwyci\u0119skim dru\u017cynom i wyra\u017ca gor\u0105ce s\u0142owa uznania dla wszystkich zawodnik\u00f3w tegorocznej Uniwersjady.<\/span><\/em><\/strong><\/h4>\n<p><strong>III \u015awi\u0119toch\u0142owicka Uniwersjada<\/strong><\/p>\n<p>W imieniu Zarz\u0105du\u00a0 i s\u0142uchaczy Uniwersytetu Trzeciego Wieku w \u015awi\u0119toch\u0142owicach zapraszamy serdecznie wszystkich senior\u00f3w miasta \u015awi\u0119toch\u0142owice do udzia\u0142u w roli kibic\u00f3w<\/p>\n<p>w\u00a0 <strong>III \u015awi\u0119toch\u0142owickiej Uniwersjadzie Senior\u00f3w<\/strong>, na terenie O\u015brodka Sportu i Rekreacji ?Ska\u0142ka? <strong>\u00a0<\/strong>w dniu\u00a0 <strong>23 wrze\u015bnia 2017 r.<\/strong> ( sobota ).<\/p>\n<p style=\"text-align: center;\"><strong><br \/>\nNasz\u0105 Uniwersjad\u0119 obj\u0105\u0142 honorowym patronatem :<\/strong><\/p>\n<p style=\"text-align: center;\"><strong>Prezydent Miasta \u015awi\u0119toch\u0142owice ? p. Dawid Kostempski <\/strong><\/p>\n<p>Sportowe zmagania organizujemy w nast\u0119puj\u0105cych konkurencjach: <strong>p\u0142ywanie, tenis sto\u0142owy, wy\u015bcig rowerowy, strzelectwo i\u00a0 nordic walking<\/strong><u>.<\/u><\/p>\n<p>Jako organizatorzy cieszymy si\u0119, \u017ce udzia\u0142 w naszej Uniwersjadzie potwierdzi\u0142y ju\u017c dru\u017cyny Uniwersytet\u00f3w Trzeciego Wieku : z Bytomia, Chorzowa, Jaworzna, Katowic, Pszczyny, Rudy \u015al\u0105skiej, Rybnika, Zabrza i \u017bor.<\/p>\n<p style=\"text-align: center;\">Szczeg\u00f3\u0142owy program imprezy zostanie podany\u00a0 w terminie p\u00f3\u017aniejszym.<\/p>\n<p>Mamy nadziej\u0119, \u017ce nasze sportowe zmagania przynios\u0105 nie tylko satysfakcj\u0119\u00a0 bior\u0105cym w nich udzia\u0142 seniorom, ale przede wszystkim b\u0119d\u0105 okazj\u0105 do wsp\u00f3lnych i radosnych prze\u017cy\u0107 w gronie senior\u00f3w.<\/p>\n<p style=\"text-align: right;\">Zarz\u0105d UTW<\/p>\n<p style=\"text-align: right;\">w \u015awi\u0119toch\u0142owicach<\/p>\n<p style=\"text-align: left;\"><a href=\"http:\/\/xonit.eu\/utwswce\/wp-content\/uploads\/2017\/09\/regulamin_3_uniwersjady_23_09_2017.pdf\">Regulamin III Uniwersjady<\/a><\/p>\n<p style=\"text-align: left;\"><a href=\"http:\/\/xonit.eu\/utwswce\/wp-content\/uploads\/2017\/09\/regulamin_3_uniwersjady_23_09_2017.pdf\">Formularz zg\u0142oszeniowy<\/a><\/p>\n","protected":false},"excerpt":{"rendered":"<div class=\"mh-excerpt\"><p>Witajcie, Aura tym razem\u00a0 niestety nie dopisa\u0142a. Tym wi\u0119ksze jest moje uznanie dla wszystkich Kole\u017canek i Koleg\u00f3w, kt\u00f3rzy wzi\u0119li udzia\u0142 w zmaganiach sportowych, szczeg\u00f3lnie w <a class=\"mh-excerpt-more\" href=\"https:\/\/xonit.eu\/utwswce\/iii-swietochlowicka-uniwersjada-seniorow\/\" title=\"III \u015awi\u0119toch\u0142owicka Uniwersjada Senior\u00f3w\">[&#8230;]<\/a><\/p>\n<\/div>","protected":false},"author":1,"featured_media":0,"parent":0,"menu_order":0,"comment_status":"closed","ping_status":"closed","template":"","meta":{"_vp_format_video_url":"","_vp_image_focal_point":[],"footnotes":""},"class_list":["post-425","page","type-page","status-publish","hentry"],"_links":{"self":[{"href":"https:\/\/xonit.eu\/utwswce\/wp-json\/wp\/v2\/pages\/425","targetHints":{"allow":["GET"]}}],"collection":[{"href":"https:\/\/xonit.eu\/utwswce\/wp-json\/wp\/v2\/pages"}],"about":[{"href":"https:\/\/xonit.eu\/utwswce\/wp-json\/wp\/v2\/types\/page"}],"author":[{"embeddable":true,"href":"https:\/\/xonit.eu\/utwswce\/wp-json\/wp\/v2\/users\/1"}],"replies":[{"embeddable":true,"href":"https:\/\/xonit.eu\/utwswce\/wp-json\/wp\/v2\/comments?post=425"}],"version-history":[{"count":7,"href":"https:\/\/xonit.eu\/utwswce\/wp-json\/wp\/v2\/pages\/425\/revisions"}],"predecessor-version":[{"id":544,"href":"https:\/\/xonit.eu\/utwswce\/wp-json\/wp\/v2\/pages\/425\/revisions\/544"}],"wp:attachment":[{"href":"https:\/\/xonit.eu\/utwswce\/wp-json\/wp\/v2\/media?parent=425"}],"curies":[{"name":"wp","href":"https:\/\/api.w.org\/{rel}","templated":true}]}}