{"id":74,"date":"2017-01-31T20:21:23","date_gmt":"2017-01-31T19:21:23","guid":{"rendered":"http:\/\/xonit.eu\/utwswce\/?page_id=74"},"modified":"2023-08-09T14:02:18","modified_gmt":"2023-08-09T12:02:18","slug":"nasz-patron","status":"publish","type":"page","link":"http:\/\/xonit.eu\/utwswce\/nasz-patron\/","title":{"rendered":"Nasi patroni (2010-2023)"},"content":{"rendered":"<p style=\"text-align: center;\"><strong>Uniwersytet Trzeciego Wieku w \u015awi\u0119toch\u0142owicach<\/strong><br \/>\n<strong>by\u0142 obj\u0119ty patronatem:<\/strong><\/p>\n<p style=\"text-align: center;\"><strong>Akademii Wychowania Fizycznego im. Jerzego Kukuczki w Katowicach w latach 2010-2015<\/strong><\/p>\n<p style=\"text-align: center;\"><img loading=\"lazy\" decoding=\"async\" class=\"alignnone  wp-image-3324\" src=\"http:\/\/xonit.eu\/utwswce\/wp-content\/uploads\/2023\/08\/loga_kolor_awf_katowice-300x240.png\" alt=\"\" width=\"180\" height=\"144\" srcset=\"http:\/\/xonit.eu\/utwswce\/wp-content\/uploads\/2023\/08\/loga_kolor_awf_katowice-300x240.png 300w, http:\/\/xonit.eu\/utwswce\/wp-content\/uploads\/2023\/08\/loga_kolor_awf_katowice-1024x820.png 1024w, http:\/\/xonit.eu\/utwswce\/wp-content\/uploads\/2023\/08\/loga_kolor_awf_katowice-768x615.png 768w, http:\/\/xonit.eu\/utwswce\/wp-content\/uploads\/2023\/08\/loga_kolor_awf_katowice-1536x1230.png 1536w, http:\/\/xonit.eu\/utwswce\/wp-content\/uploads\/2023\/08\/loga_kolor_awf_katowice-500x400.png 500w, http:\/\/xonit.eu\/utwswce\/wp-content\/uploads\/2023\/08\/loga_kolor_awf_katowice-800x641.png 800w, http:\/\/xonit.eu\/utwswce\/wp-content\/uploads\/2023\/08\/loga_kolor_awf_katowice-1280x1025.png 1280w, http:\/\/xonit.eu\/utwswce\/wp-content\/uploads\/2023\/08\/loga_kolor_awf_katowice-750x601.png 750w, http:\/\/xonit.eu\/utwswce\/wp-content\/uploads\/2023\/08\/loga_kolor_awf_katowice.png 1919w\" sizes=\"auto, (max-width: 180px) 100vw, 180px\" \/><\/p>\n<p style=\"text-align: center;\"><strong>Uniwersytetu Pedagogicznego im Komisji Edukacji Narodowej w Krakowie w latach 2015-2020<\/strong><\/p>\n<p style=\"text-align: center;\"><img loading=\"lazy\" decoding=\"async\" class=\"alignnone  wp-image-3323\" src=\"http:\/\/xonit.eu\/utwswce\/wp-content\/uploads\/2023\/08\/logoUP_pl-300x300.png\" alt=\"\" width=\"152\" height=\"152\" srcset=\"http:\/\/xonit.eu\/utwswce\/wp-content\/uploads\/2023\/08\/logoUP_pl-300x300.png 300w, http:\/\/xonit.eu\/utwswce\/wp-content\/uploads\/2023\/08\/logoUP_pl-1024x1024.png 1024w, http:\/\/xonit.eu\/utwswce\/wp-content\/uploads\/2023\/08\/logoUP_pl-150x150.png 150w, http:\/\/xonit.eu\/utwswce\/wp-content\/uploads\/2023\/08\/logoUP_pl-768x769.png 768w, http:\/\/xonit.eu\/utwswce\/wp-content\/uploads\/2023\/08\/logoUP_pl-500x500.png 500w, http:\/\/xonit.eu\/utwswce\/wp-content\/uploads\/2023\/08\/logoUP_pl-800x801.png 800w, http:\/\/xonit.eu\/utwswce\/wp-content\/uploads\/2023\/08\/logoUP_pl-1280x1281.png 1280w, http:\/\/xonit.eu\/utwswce\/wp-content\/uploads\/2023\/08\/logoUP_pl-750x751.png 750w, http:\/\/xonit.eu\/utwswce\/wp-content\/uploads\/2023\/08\/logoUP_pl.png 1439w\" sizes=\"auto, (max-width: 152px) 100vw, 152px\" \/><\/p>\n<p style=\"text-align: center;\"><strong>Wydzia\u0142 Zamiejscowy w Katowicach Uniwersytetu SWPS<\/strong><\/p>\n<p><img loading=\"lazy\" decoding=\"async\" class=\"alignnone size-medium wp-image-2140 aligncenter\" src=\"http:\/\/xonit.eu\/utwswce\/wp-content\/uploads\/2021\/10\/swps_logotyp-300x109.png\" alt=\"\" width=\"300\" height=\"109\" srcset=\"http:\/\/xonit.eu\/utwswce\/wp-content\/uploads\/2021\/10\/swps_logotyp-300x109.png 300w, http:\/\/xonit.eu\/utwswce\/wp-content\/uploads\/2021\/10\/swps_logotyp.png 372w\" sizes=\"auto, (max-width: 300px) 100vw, 300px\" \/><\/p>\n","protected":false},"excerpt":{"rendered":"<div class=\"mh-excerpt\"><p>Uniwersytet Trzeciego Wieku w \u015awi\u0119toch\u0142owicach by\u0142 obj\u0119ty patronatem: Akademii Wychowania Fizycznego im. Jerzego Kukuczki w Katowicach w latach 2010-2015 Uniwersytetu Pedagogicznego im Komisji Edukacji Narodowej <a class=\"mh-excerpt-more\" href=\"http:\/\/xonit.eu\/utwswce\/nasz-patron\/\" title=\"Nasi patroni (2010-2023)\">[&#8230;]<\/a><\/p>\n<\/div>","protected":false},"author":1,"featured_media":0,"parent":0,"menu_order":0,"comment_status":"closed","ping_status":"closed","template":"","meta":{"_vp_format_video_url":"","_vp_image_focal_point":[],"footnotes":""},"class_list":["post-74","page","type-page","status-publish","hentry"],"_links":{"self":[{"href":"http:\/\/xonit.eu\/utwswce\/wp-json\/wp\/v2\/pages\/74","targetHints":{"allow":["GET"]}}],"collection":[{"href":"http:\/\/xonit.eu\/utwswce\/wp-json\/wp\/v2\/pages"}],"about":[{"href":"http:\/\/xonit.eu\/utwswce\/wp-json\/wp\/v2\/types\/page"}],"author":[{"embeddable":true,"href":"http:\/\/xonit.eu\/utwswce\/wp-json\/wp\/v2\/users\/1"}],"replies":[{"embeddable":true,"href":"http:\/\/xonit.eu\/utwswce\/wp-json\/wp\/v2\/comments?post=74"}],"version-history":[{"count":12,"href":"http:\/\/xonit.eu\/utwswce\/wp-json\/wp\/v2\/pages\/74\/revisions"}],"predecessor-version":[{"id":3327,"href":"http:\/\/xonit.eu\/utwswce\/wp-json\/wp\/v2\/pages\/74\/revisions\/3327"}],"wp:attachment":[{"href":"http:\/\/xonit.eu\/utwswce\/wp-json\/wp\/v2\/media?parent=74"}],"curies":[{"name":"wp","href":"https:\/\/api.w.org\/{rel}","templated":true}]}}

<p style="text-align: center;"><strong>Uniwersytet Trzeciego Wieku w Świętochłowicach</strong><br />
<strong>był objęty patronatem:</strong></p>
<p style="text-align: center;"><strong>Akademii Wychowania Fizycznego im. Jerzego Kukuczki w Katowicach w latach 2010-2015</strong></p>
<p style="text-align: center;"><img loading="lazy" decoding="async" class="alignnone  wp-image-3324" src="http://xonit.eu/utwswce/wp-content/uploads/2023/08/loga_kolor_awf_katowice-300x240.png" alt="" width="180" height="144" srcset="http://xonit.eu/utwswce/wp-content/uploads/2023/08/loga_kolor_awf_katowice-300x240.png 300w, http://xonit.eu/utwswce/wp-content/uploads/2023/08/loga_kolor_awf_katowice-1024x820.png 1024w, http://xonit.eu/utwswce/wp-content/uploads/2023/08/loga_kolor_awf_katowice-768x615.png 768w, http://xonit.eu/utwswce/wp-content/uploads/2023/08/loga_kolor_awf_katowice-1536x1230.png 1536w, http://xonit.eu/utwswce/wp-content/uploads/2023/08/loga_kolor_awf_katowice-500x400.png 500w, http://xonit.eu/utwswce/wp-content/uploads/2023/08/loga_kolor_awf_katowice-800x641.png 800w, http://xonit.eu/utwswce/wp-content/uploads/2023/08/loga_kolor_awf_katowice-1280x1025.png 1280w, http://xonit.eu/utwswce/wp-content/uploads/2023/08/loga_kolor_awf_katowice-750x601.png 750w, http://xonit.eu/utwswce/wp-content/uploads/2023/08/loga_kolor_awf_katowice.png 1919w" sizes="auto, (max-width: 180px) 100vw, 180px" /></p>
<p style="text-align: center;"><strong>Uniwersytetu Pedagogicznego im Komisji Edukacji Narodowej w Krakowie w latach 2015-2020</strong></p>
<p style="text-align: center;"><img loading="lazy" decoding="async" class="alignnone  wp-image-3323" src="http://xonit.eu/utwswce/wp-content/uploads/2023/08/logoUP_pl-300x300.png" alt="" width="152" height="152" srcset="http://xonit.eu/utwswce/wp-content/uploads/2023/08/logoUP_pl-300x300.png 300w, http://xonit.eu/utwswce/wp-content/uploads/2023/08/logoUP_pl-1024x1024.png 1024w, http://xonit.eu/utwswce/wp-content/uploads/2023/08/logoUP_pl-150x150.png 150w, http://xonit.eu/utwswce/wp-content/uploads/2023/08/logoUP_pl-768x769.png 768w, http://xonit.eu/utwswce/wp-content/uploads/2023/08/logoUP_pl-500x500.png 500w, http://xonit.eu/utwswce/wp-content/uploads/2023/08/logoUP_pl-800x801.png 800w, http://xonit.eu/utwswce/wp-content/uploads/2023/08/logoUP_pl-1280x1281.png 1280w, http://xonit.eu/utwswce/wp-content/uploads/2023/08/logoUP_pl-750x751.png 750w, http://xonit.eu/utwswce/wp-content/uploads/2023/08/logoUP_pl.png 1439w" sizes="auto, (max-width: 152px) 100vw, 152px" /></p>
<p style="text-align: center;"><strong>Wydział Zamiejscowy w Katowicach Uniwersytetu SWPS</strong></p>
<p><img loading="lazy" decoding="async" class="alignnone size-medium wp-image-2140 aligncenter" src="http://xonit.eu/utwswce/wp-content/uploads/2021/10/swps_logotyp-300x109.png" alt="" width="300" height="109" srcset="http://xonit.eu/utwswce/wp-content/uploads/2021/10/swps_logotyp-300x109.png 300w, http://xonit.eu/utwswce/wp-content/uploads/2021/10/swps_logotyp.png 372w" sizes="auto, (max-width: 300px) 100vw, 300px" /></p>

<div class="mh-excerpt"><p>Uniwersytet Trzeciego Wieku w Świętochłowicach był objęty patronatem: Akademii Wychowania Fizycznego im. Jerzego Kukuczki w Katowicach w latach 2010-2015 Uniwersytetu Pedagogicznego im Komisji Edukacji Narodowej <a class="mh-excerpt-more" href="http://xonit.eu/utwswce/nasz-patron/" title="Nasi patroni (2010-2023)">[&#8230;]</a></p>
</div>
