{"id":65,"date":"2017-01-31T20:14:40","date_gmt":"2017-01-31T19:14:40","guid":{"rendered":"http:\/\/xonit.eu\/utwswce\/?page_id=65"},"modified":"2024-06-18T09:16:09","modified_gmt":"2024-06-18T07:16:09","slug":"zarzad-utw-w-swietochlowicach","status":"publish","type":"page","link":"http:\/\/xonit.eu\/utwswce\/zarzad-utw-w-swietochlowicach\/","title":{"rendered":"Zarz\u0105d UTW w \u015awi\u0119toch\u0142owicach"},"content":{"rendered":"<p>Krystyna Rawska &#8211; Prezes<br \/>\ntel. 601-066-899<\/p>\n<p>Jerzy Migo\u0144 &#8211; Z-ca Prezesa<br \/>\ntel. 608-064-377<\/p>\n<p>Henryk Duda &#8211; Z-ca Prezesa<br \/>\ntel. 601-885-597<\/p>\n<p>Danuta Zar\u0119ba &#8211; Sekretarz<\/p>\n<p>Jadwiga Denysiewicz &#8211; Skarbnik<br \/>\ntel. 663-164-185<\/p>\n<p>Ma\u0142gorzata Binias &#8211; Cz\u0142onek<br \/>\ntel. 608-565-197<\/p>\n<p style=\"text-align: center;\"><a href=\"http:\/\/www.utw-swietochlowice.pl\/wp-content\/uploads\/2017\/01\/regulamin_zarzadu_utw-1.pdf\">Regulamin Zarz\u0105du<\/a><\/p>\n<hr \/>\n<p style=\"text-align: center;\"><em>Do przegl\u0105dania i drukowania plik\u00f3w w formacie PDF niezb\u0119dny jest program Adobe Acrobat Reader, kt\u00f3ry mo\u017cna pobra\u0107 bezp\u0142atnie ze strony <\/em><a href=\"http:\/\/www.adobe.com\/\"><em>www.adobe.com<\/em><\/a><\/p>\n","protected":false},"excerpt":{"rendered":"<div class=\"mh-excerpt\"><p>Krystyna Rawska &#8211; Prezes tel. 601-066-899 Jerzy Migo\u0144 &#8211; Z-ca Prezesa tel. 608-064-377 Henryk Duda &#8211; Z-ca Prezesa tel. 601-885-597 Danuta Zar\u0119ba &#8211; Sekretarz Jadwiga <a class=\"mh-excerpt-more\" href=\"http:\/\/xonit.eu\/utwswce\/zarzad-utw-w-swietochlowicach\/\" title=\"Zarz\u0105d UTW w \u015awi\u0119toch\u0142owicach\">[&#8230;]<\/a><\/p>\n<\/div>","protected":false},"author":1,"featured_media":0,"parent":0,"menu_order":0,"comment_status":"closed","ping_status":"closed","template":"","meta":{"_vp_format_video_url":"","_vp_image_focal_point":[],"footnotes":""},"class_list":["post-65","page","type-page","status-publish","hentry"],"_links":{"self":[{"href":"http:\/\/xonit.eu\/utwswce\/wp-json\/wp\/v2\/pages\/65","targetHints":{"allow":["GET"]}}],"collection":[{"href":"http:\/\/xonit.eu\/utwswce\/wp-json\/wp\/v2\/pages"}],"about":[{"href":"http:\/\/xonit.eu\/utwswce\/wp-json\/wp\/v2\/types\/page"}],"author":[{"embeddable":true,"href":"http:\/\/xonit.eu\/utwswce\/wp-json\/wp\/v2\/users\/1"}],"replies":[{"embeddable":true,"href":"http:\/\/xonit.eu\/utwswce\/wp-json\/wp\/v2\/comments?post=65"}],"version-history":[{"count":13,"href":"http:\/\/xonit.eu\/utwswce\/wp-json\/wp\/v2\/pages\/65\/revisions"}],"predecessor-version":[{"id":3859,"href":"http:\/\/xonit.eu\/utwswce\/wp-json\/wp\/v2\/pages\/65\/revisions\/3859"}],"wp:attachment":[{"href":"http:\/\/xonit.eu\/utwswce\/wp-json\/wp\/v2\/media?parent=65"}],"curies":[{"name":"wp","href":"https:\/\/api.w.org\/{rel}","templated":true}]}}