{"id":56,"date":"2017-01-31T20:03:22","date_gmt":"2017-01-31T19:03:22","guid":{"rendered":"http:\/\/xonit.eu\/utwswce\/?page_id=56"},"modified":"2024-09-22T22:15:47","modified_gmt":"2024-09-22T20:15:47","slug":"harmonogram-zajec","status":"publish","type":"page","link":"http:\/\/xonit.eu\/utwswce\/harmonogram-zajec\/","title":{"rendered":"Harmonogram zaj\u0119\u0107"},"content":{"rendered":"<p>Wyk\u0142ady<\/p>\n<hr \/>\n<p><span style=\"text-decoration: underline;\"><strong>Zaj\u0119cia fakultatywne<\/strong><\/span><\/p>\n<p><strong>Zarz\u0105d UTW w \u015awi\u0119toch\u0142owicach informuje, \u017ce zaj\u0119cia fakultatywne odbywa\u0107 si\u0119 b\u0119d\u0105<\/strong><br \/>\n<strong>w nast\u0119puj\u0105cych terminach:<\/strong><\/p>\n<p><strong>Poniedzia\u0142ek<\/strong><br \/>\nW ka\u017cdy\u00a0<strong>drugi<\/strong>\u00a0poniedzia\u0142ek miesi\u0105ca spotkanie uczestnik\u00f3w\u00a0<strong>Klubu Ksi\u0105\u017cki<\/strong>\u00a0w Filii nr 1 Biblioteki Publicznej w Pia\u015bnikach o godz. 17:00<\/p>\n<p><strong>Wtorek<\/strong><br \/>\n<strong>Gimnastyka rehabilitacyjna<\/strong>\u00a0\u2013 I LO \u2013 godz. 09:50 \u2013 10.35<br \/>\n<strong>JOGA<\/strong>\u00a0\u2013 I LO \u2013 godz. 17.00<\/p>\n<p><strong>\u015aroda<\/strong><br \/>\n<strong>Warsztaty teatralne<\/strong>\u00a0\u2013 MDK \u2013 godz. 11:00<br \/>\n<strong>Warsztaty taneczne zespo\u0142u<\/strong>\u00a0<strong><em>\u201eAster Dance\u201d<\/em><\/strong>\u00a0MDK \u2013 godz. 14:00 \u2013 15:00<br \/>\n<strong>Wyk\u0142ad audytoryjny<\/strong>\u00a0\u2013 aula Szko\u0142y Podstawowej Nr.1 (Pia\u015bniki) \u2013 godz. 17:00<\/p>\n<p><strong>Czwartek<\/strong><br \/>\n<strong>JOGA<\/strong>\u00a0\u2013 MDK \u2013 godz. 12.30 \u2013 13.30<\/p>\n<p><strong>Pi\u0105tek<\/strong><br \/>\n<strong>Strzelectwo<\/strong>\u00a0<strong>\u2013<\/strong>\u00a0Strzelnica sportowa Flor-Amator ul. Metalowc\u00f3w 5 \u2013 godz. 11:00<br \/>\n<strong>Lektorat z j\u0119zyka angielskiego<\/strong>\u00a0\u2013 MDK \u2013 godz. 14.00 \u2013 15.30<\/p>\n<hr class=\"wp-block-separator\" \/>\n<p><em>Jednostkowy koszt okre\u015blonego rodzaju zaj\u0119\u0107 uwarunkowany jest ilo\u015bci\u0105<br \/>\nuczestnicz\u0105cych w nich os\u00f3b, oraz koszt\u00f3w zwi\u0105zanych z ich realizacj\u0105.<\/em><\/p>\n","protected":false},"excerpt":{"rendered":"<div class=\"mh-excerpt\"><p>Wyk\u0142ady Zaj\u0119cia fakultatywne Zarz\u0105d UTW w \u015awi\u0119toch\u0142owicach informuje, \u017ce zaj\u0119cia fakultatywne odbywa\u0107 si\u0119 b\u0119d\u0105 w nast\u0119puj\u0105cych terminach: Poniedzia\u0142ek W ka\u017cdy\u00a0drugi\u00a0poniedzia\u0142ek miesi\u0105ca spotkanie uczestnik\u00f3w\u00a0Klubu Ksi\u0105\u017cki\u00a0w Filii <a class=\"mh-excerpt-more\" href=\"http:\/\/xonit.eu\/utwswce\/harmonogram-zajec\/\" title=\"Harmonogram zaj\u0119\u0107\">[&#8230;]<\/a><\/p>\n<\/div>","protected":false},"author":1,"featured_media":0,"parent":0,"menu_order":0,"comment_status":"closed","ping_status":"closed","template":"","meta":{"_vp_format_video_url":"","_vp_image_focal_point":[],"footnotes":""},"class_list":["post-56","page","type-page","status-publish","hentry"],"_links":{"self":[{"href":"http:\/\/xonit.eu\/utwswce\/wp-json\/wp\/v2\/pages\/56","targetHints":{"allow":["GET"]}}],"collection":[{"href":"http:\/\/xonit.eu\/utwswce\/wp-json\/wp\/v2\/pages"}],"about":[{"href":"http:\/\/xonit.eu\/utwswce\/wp-json\/wp\/v2\/types\/page"}],"author":[{"embeddable":true,"href":"http:\/\/xonit.eu\/utwswce\/wp-json\/wp\/v2\/users\/1"}],"replies":[{"embeddable":true,"href":"http:\/\/xonit.eu\/utwswce\/wp-json\/wp\/v2\/comments?post=56"}],"version-history":[{"count":4,"href":"http:\/\/xonit.eu\/utwswce\/wp-json\/wp\/v2\/pages\/56\/revisions"}],"predecessor-version":[{"id":3933,"href":"http:\/\/xonit.eu\/utwswce\/wp-json\/wp\/v2\/pages\/56\/revisions\/3933"}],"wp:attachment":[{"href":"http:\/\/xonit.eu\/utwswce\/wp-json\/wp\/v2\/media?parent=56"}],"curies":[{"name":"wp","href":"https:\/\/api.w.org\/{rel}","templated":true}]}}