{"id":219,"date":"2017-02-17T14:01:17","date_gmt":"2017-02-17T13:01:17","guid":{"rendered":"http:\/\/xonit.eu\/utwswce\/?page_id=219"},"modified":"2017-02-17T14:01:17","modified_gmt":"2017-02-17T13:01:17","slug":"rok-akademicki-20122013","status":"publish","type":"page","link":"http:\/\/xonit.eu\/utwswce\/rok-akademicki-20122013\/","title":{"rendered":"Rok akademicki 2012\/2013"},"content":{"rendered":"<p>29.05.2013 r.<\/p>\n<p><strong>Uroczyste zako\u0144czenie Roku Akademickiego UTW 2012\/13<\/strong><\/p>\n<p>Drugi rok akademickich zaj\u0119\u0107 \u015bwi\u0119toch\u0142owickiego UTW min\u0105\u0142 szybciej ni\u017c mo\u017cna by\u0142o si\u0119 spodziewa\u0107. Ciekawe wyk\u0142ady i zaj\u0119cia fakultatywne, okazjonalne spotkania i imprezy kulturalne, a tak\u017ce turystyczne i rekreacyjno-sportowe zintegrowa\u0142y grup\u0119, zach\u0119caj\u0105c nowe osoby do powi\u0119kszenia grona naszych s\u0142uchaczy. Dzi\u0119ki aktywnej dzia\u0142alno\u015bci ca\u0142ego Zarz\u0105du, a tak\u017ce \u017cyczliwej wsp\u00f3\u0142pracy W\u0142adz Miasta i katowickiej AWF, stowarzyszenie systematycznie ugruntowuje swoj\u0105 niepo\u015bledni\u0105 pozycj\u0119 w gronie wielu organizacji dzia\u0142aj\u0105cych na terenie miasta. ?<\/p>\n<p>Uroczysto\u015b\u0107 rozdania pami\u0105tkowych certyfikat\u00f3w i podzi\u0119kowa\u0144 poprzedzi\u0142 wyk\u0142ad Prezydenta Miasta p. D. Kostempskiego, kt\u00f3ry w swym wyst\u0105pieniu propagowa\u0142 ide\u0119 rozwoju metropolii \u015bl\u0105skiej, wskazuj\u0105c szereg korzy\u015bci p\u0142yn\u0105cych ze zintegrowanej polityki spo\u0142eczno-gospodarczej w obr\u0119bie konurbacji g\u00f3rno\u015bl\u0105skiej. ?<\/p>\n<p>W podobnym tonie wypowiedzia\u0142 si\u0119 w imieniu zaproszonych go\u015bci prof. Jan Grzesik (na sta\u0142e zwi\u0105zany z naszym UTW wyk\u0142adowca) podkre\u015blaj\u0105c rol\u0119 aktywnej postawy i kolektywnego funkcjonowania \u015brodowisk seniorskich, czego doskona\u0142ym przyk\u0142adem jest dzia\u0142alno\u015b\u0107 naszego uniwersytetu.<\/p>\n<p>(foto ? patrz galeria zdj\u0119\u0107)<\/p>\n<p>Jerzy Migo\u0144<\/p>\n<p>22.05.2013 r.<\/p>\n<p><strong>Piastowie \u015bl\u0105scy: rycerze, dyplomaci i duchowni.<\/strong><\/p>\n<p>Historia Polski to niezwykle barwny, ciekawy, ale te\u017c rozleg\u0142y temat. Jej niewielki fragment zg\u0142\u0119bili\u015bmy przy okazji kolejnego wyk\u0142adu red. A. Zycha po\u015bwi\u0119conego dynastii \u015bl\u0105skich Piast\u00f3w &#8211; dynastii, kt\u00f3rej pojawienie wi\u0105za\u0142o si\u0119 z faktem rozbicia dzielnicowego Polski w 1138 r., do jakiego dosz\u0142o za spraw\u0105 Boles\u0142awa Krzywoustego. Linia Piast\u00f3w \u015bl\u0105skich wywodzi si\u0119 od W\u0142adys\u0142awa II Wygna\u0144ca (najstarszy syn B. Krzywoustego), ksi\u0119cia krakowskiego (senioralnego) i \u015bl\u0105skiego. Skomplikowane losy rodu uwik\u0142anego w liczne konflikty polityczne i zbrojne, zmusza\u0142y cz\u0119sto kolejnych w\u0142adc\u00f3w (m.in. Mieszko Pl\u0105tonogi, Henryk I Brodaty, Henryk II Pobo\u017cny czy Boles\u0142aw Rogatka) do \u0142\u0105czenia w sobie cech typowych dla \u00f3wczesnego rycerstwa, dyplomacji i duchowie\u0144stwa. ? Ostatnim ksi\u0119ciem \u015bl\u0105skim z rodu Piast\u00f3w by\u0142 przedwcze\u015bnie zmar\u0142y (1675 r.) Jerzy IV Wilhelm (Ksi\u0105\u017ce Brzegu, Wo\u0142owa i Legnicy.<\/p>\n<p>Jerzy Migo\u0144<\/p>\n<p>&nbsp;<\/p>\n<p>18.05.2013 r.<\/p>\n<p><strong>V Olimpiada UTW w \u0141azach<\/strong><\/p>\n<p>Atmosfera sportowej rywalizacji i dobrej zabawy towarzyszy\u0142a kilkudziesi\u0119ciu ekipom UTW, kt\u00f3re spotka\u0142y si\u0119 ju\u017c pi\u0105ty raz nad Zalewem Mitr\u0119ga w \u0141azach. Dla naszych reprezentant\u00f3w by\u0142 to dopiero debiut w olimpijskich zmaganiach. ? Zabawa okaza\u0142a si\u0119 przednia, a sportowe zmagania dostarczy\u0142y wielu emocji. Osi\u0105gni\u0119te wyniki napawaj\u0105 optymizmem, bo wyst\u0119puj\u0105c w roli nowicjuszy na wspomnianej imprezie zdobyli\u015bmy kilka punktowanych miejsc i dwa kr\u0105\u017cki ? srebrny w strzelectwie (p. Jerzy Kryczka\u00a0i z\u0142oty, w presti\u017cowej konkurencji rektor\u00f3w UTW ? p. Krystyna Rawska). Reprezentowali\u015bmy godnie swe \u015brodowisko, ale tak\u017ce miasto, kt\u00f3re by\u0142o fundatorem koszulek w jakich wyst\u0105pi\u0142a nasza ekipa. Oby tak dalej ? a mo\u017ce niebawem Olimpiada senior\u00f3w zawita do naszego miasta ?<\/p>\n<p>(foto ? patrz galeria zdj\u0119\u0107)<\/p>\n<p>Jerzy Migo\u0144<\/p>\n<p>11.05.2013 r<strong>.<\/strong><\/p>\n<p><strong>Piknik Organizacji Pozarz\u0105dowych<\/strong><\/p>\n<p>Niesprzyjaj\u0105ca aura nie odstraszy\u0142a s\u0142uchaczy UTW od udzia\u0142u w II \u015awi\u0119toch\u0142owickim Pikniku Organizacji Pozarz\u0105dowych. Podobnie jak inne stowarzyszenia skorzystali\u015bmy z mo\u017cliwo\u015bci prezentacji w\u0142asnego dorobku oraz poznania oferty i osi\u0105gni\u0119\u0107 innych organizacji dzia\u0142aj\u0105cych na terenie miasta. Mamy nadziej\u0119, \u017ce przy wsparciu w\u0142adz samorz\u0105dowych (organizatora imprezy) dzia\u0142aj\u0105ce na terenie \u015awi\u0119toch\u0142owic organizacje zintensyfikuj\u0105 i zintegruj\u0105 swe dzia\u0142ania dla dobra lokalnej spo\u0142eczno\u015bci.<\/p>\n<p>(foto ? patrz galeria zdj\u0119\u0107)<\/p>\n<p style=\"text-align: right;\">\u00a0\u00a0\u00a0\u00a0 Jerzy Migo\u0144<\/p>\n<p style=\"text-align: right;\">\n<p>08.05.2013 r.<\/p>\n<p><strong>Jak zapobiega\u0107 chorobie wie\u0144cowej? Nie wszystko w r\u0119kach lekarza.<\/strong><\/p>\n<p>Choroby uk\u0142adu kr\u0105\u017cenia (choroba wie\u0144cowa, udar m\u00f3zgu, niewydolno\u015b\u0107 kr\u0105\u017cenia itp.) s\u0105 ci\u0105gle najcz\u0119stsz\u0105 przyczyn\u0105 zgon\u00f3w, b\u0105d\u017a inwalidztwa w rozwini\u0119tych krajach \u015bwiata. I chocia\u017c w ostatnich latach dostrzegalna jest\u00a0malej\u0105ca tendencja, to nadal w Polsce umiera z tych przyczyn ok. 475 os\u00f3b dziennie. ? Do najistotniejszych czynnik\u00f3w ryzyka nale\u017c\u0105: palenie tytoniu, nadci\u015bnienie t\u0119tnicze, cukrzyca, oty\u0142o\u015b\u0107, ma\u0142a aktywno\u015b\u0107 fizyczna, a tak\u017ce p\u0142e\u0107 (zw\u0142aszcza m\u0119\u017cczy\u017ani) i uwarunkowania genetyczne. Oddzia\u0142ywanie tych czynnik\u00f3w pot\u0119gowane jest post\u0119puj\u0105cym wiekiem (szczeg\u00f3lnie powy\u017cej 50 roku \u017cycia). Rozw\u00f3j wiedzy i techniki medycznej to tylko jedna z dr\u00f3g prowadz\u0105cych do rozwi\u0105zania problemu. R\u00f3wnie wa\u017cnym aspektem jest profilaktyka zmierzaj\u0105ca do ograniczenia wskazanych wy\u017cej czynnik\u00f3w ryzyka.<\/p>\n<p>Jerzy Migo\u0144<\/p>\n<p>&nbsp;<\/p>\n<p>24.04.2013 r.<\/p>\n<p><strong>Historia Ko\u015bcio\u0142a ewangelickiego na G\u00f3rnym \u015al\u0105sku<\/strong><\/p>\n<p>W czasie kr\u00f3tkiego ale niezwykle interesuj\u0105cego wyk\u0142adu Ks. biskupa dr Tadeusz Szurmana obecni s\u0142uchacze \u015bwi\u0119toch\u0142owickiego UTW poznali zarys historii ko\u015bcio\u0142a ewangelickiego, od jego pocz\u0105tk\u00f3w (okres Reformacji i wiek XVIII ? pierwsze ?ko\u015bcio\u0142y \u0142aski? na G\u00f3rnym \u015al\u0105sku) po okres wsp\u00f3\u0142czesny. Mieli tak\u017ce okazj\u0119 pozna\u0107 podstawowe zasady wiary kt\u00f3rymi kieruj\u0105 si\u0119 jego wyznawcy. Ko\u015bci\u00f3\u0142 Ewangelicko-Augsburski (Lutera\u0144ski) opiera swoj\u0105 wiar\u0119 na czterech zasadach: <a href=\"http:\/\/pl.wikipedia.org\/wiki\/Sola_scriptura\">tylko Pismo<\/a>, <a href=\"http:\/\/pl.wikipedia.org\/wiki\/Solus_Christus\">tylko Chrystus<\/a>, tylko <a href=\"http:\/\/pl.wikipedia.org\/wiki\/Wiara_religijna\">wiara<\/a> i tylko <a href=\"http:\/\/pl.wikipedia.org\/wiki\/%C5%81aska\">\u0142aska<\/a>. ? Nauka w Ko\u015bciele lutera\u0144skim podkre\u015bla, \u017ce nie zbawiaj\u0105 uczynki, a jedynie wiara w usprawiedliwiaj\u0105ce dzie\u0142o Chrystusa. Dobre uczynki pokazuj\u0105 jedynie, czy wiara jest prawdziwa ?<\/p>\n<p>Krystyna Rawska<\/p>\n<p>17.04.2013 r.<\/p>\n<p><strong>Chiny ? Pa\u0144stwo \u015arodka.<\/strong><\/p>\n<p><strong>\u00a0\u00a0\u00a0\u00a0 Pa\u0144stwo \u015arodka, (Czungkuo, Zhongguo)<\/strong>, to okre\u015blenie kojarzone z Chinami od czas\u00f3w poprzedzaj\u0105cych okres odkry\u0107 geograficznych, ale u\u017cywane tak\u017ce wsp\u00f3\u0142cze\u015bnie. ? To w\u0142a\u015bnie po tym kraju (wi\u0119kszym od Europy &#8211; ok. 9,7 mln km<sup>2<\/sup>), za spraw\u0105 p. Anny \u017burek, s\u0142uchacze UTW odbyli kolejn\u0105 pasjonuj\u0105c\u0105 (aczkolwiek tylko wirtualn\u0105) podr\u00f3\u017c. W nieco ponad godzin\u0119 przemierzyli\u015bmy przestrze\u0144 od Pekinu (<em>Plac Tienanmen, Zakazane Miasto, \u015awi\u0105tynia Nieba<\/em> itp.) przez Xi?an w prowincji Shaanxi (<em>Terakotowa Armia) <\/em>po G\u00f3ry Po\u0142udniowo-chi\u0144skie, by wr\u00f3ci\u0107 przez Szanghaj (najwi\u0119ksze miasto Chin) ponownie do Pekinu. ? Zobaczyli\u015bmy zdj\u0119cia dynamicznie rozwijaj\u0105cych si\u0119 najwi\u0119kszych miast tego kraju, ale te\u017c ubog\u0105 i odmienna kulturowo prowincj\u0119 region\u00f3w, w kt\u00f3rych dominuj\u0105cym elementem krajobrazu s\u0105 niezmiennie ton\u0105ce w wodzie pola ry\u017cowe ?<\/p>\n<p>Jerzy Migo\u0144<\/p>\n<p>&nbsp;<\/p>\n<p>10.04.2013 r.<\/p>\n<ol>\n<li><strong> Chopin ? Polak ? Obywatel \u015awiata.<\/strong><\/li>\n<\/ol>\n<p><strong>\u00a0\u00a0\u00a0\u00a0\u00a0\u00a0\u00a0 Rodem Warszawianin, sercem Polak, a talentem \u015awiata Obywatel <\/strong> ? tymi s\u0142owami z nekrologu Chopina zamieszczonego w Dzienniku Polskim &#8211; autorstwa C. K. Norwida rozpocz\u0105\u0142 sw\u00f3j wyk\u0142ad prof. Leon Markiewicz. ? W pasjonuj\u0105cej opowie\u015bci o wirtuozerii mistrza ? nazywanego poet\u0105 fortepianu, Profesor przybli\u017cy\u0142 s\u0142uchaczom posta\u0107 i tw\u00f3rczo\u015b\u0107 jednego z najs\u0142ynniejszych pianist\u00f3w wszech czas\u00f3w. Elementem charaktery-stycznym dla muzyki Chopina jest niezwyk\u0142a ekspresja oraz czerpanie wzorc\u00f3w stylistycznych polskiej muzyki ludowej. Przed uko\u0144czeniem 7 roku \u017cycia by\u0142 ju\u017c autorem kilku drobnych kompozycji, by\u0142y to polonezy; we fragmentach odtwarzanych utwor\u00f3w s\u0142uchacze odnajdywali bez trudu w\u0105tki oberk\u00f3w, kujawiak\u00f3w a przede wszystkim mazurk\u00f3w. ?<\/p>\n<p style=\"text-align: right;\">\u00a0\u00a0\u00a0\u00a0\u00a0\u00a0\u00a0\u00a0\u00a0\u00a0\u00a0\u00a0\u00a0\u00a0 Krystyna Rawska<\/p>\n<p>03.04.2013 r.<\/p>\n<p><strong>Aktywno\u015b\u0107 fizyczna &#8211; panaceum na wszystko ?<\/strong><\/p>\n<p>Jak powszechnie wiadomo aktywno\u015b\u0107 fizyczna jest od dawna uwa\u017cana za doskona\u0142\u0105 form\u0119 wypoczynku i rekreacji, sprzyjaj\u0105cej naszemu zdrowiu fizycznemu i psychicznemu. W\u0142a\u015bciwe dozowana stanowi te\u017c \u017ar\u00f3d\u0142o przyjemno\u015bci, zawieraj\u0105c czasem te\u017c spor\u0105 doz\u0119 warto\u015bci edukacyjnych (np. turystyka piesza, czy rowerowa). Zdaniem naszego prelegenta (dr Ryszard Karpi\u0144ski ? AWF Katowice) rekreacyjnym formom aktywno\u015bci fizycznej zawdzi\u0119czamy utrzymanie sprawno\u015bci fizycznej przez wiele lat, a nawet op\u00f3\u017ani\u0107 proces starzenia. ?<\/p>\n<p>Jerzy Migo\u0144<\/p>\n<p>13.03.2013 r.<\/p>\n<p><strong>Telefon kom\u00f3rkowy ? czy zagra\u017ca zdrowiu.\u00a0<\/strong><\/p>\n<p>Zaledwie w godzin\u0119 obecni na wyk\u0142adzie prof. Jana Grzesika, przebyli pasjonuj\u0105c\u0105 podr\u00f3\u017c w czasie &#8211; od pocz\u0105tk\u00f3w Wszech\u015bwiata (Big Bang), po ?dob\u0119 telefonii kom\u00f3rkowej?. ? Wszechobecne fale elektromagnetyczne towarzysz\u0105ce Wielkiemu Wybuchowi s\u0105 dzisiaj podstaw\u0105 funkcjonowania telefon\u00f3w kom\u00f3r-kowych i wielu innych praktycznych urz\u0105dze\u0144. Pami\u0119tajmy, jednak \u017ce si\u0119gaj\u0105c po wiele nowinek technicznych poddajemy si\u0119 ich nie zawsze korzystnemu oddzia\u0142ywaniu. Zale\u017cnie od d\u0142ugo\u015bci, mocy i nat\u0119\u017cenia wspomnianych fal, ich wp\u0142yw na nasz organizm bywa r\u00f3\u017cny. W przypadku telefon\u00f3w kom\u00f3rkowych dodatkowe zagro\u017cenie wynika cz\u0119sto z czasu ich u\u017cytkowania, bowiem poza wytwarzanym polem elektromagnetycznym zab\u00f3jcze bywaj\u0105 te\u017c ? otrzymywane faktury.<\/p>\n<p>Jerzy Migo\u0144<\/p>\n<p>&nbsp;<\/p>\n<p>06.03.2013 r.<\/p>\n<p><strong>Finanse publiczne Polski<\/strong><\/p>\n<p>Konstrukcja bud\u017cetu i jego konsekwentna realizacja to trudne i odpowie-dzialne zadania, zw\u0142aszcza, gdy chodzi o bud\u017cet ca\u0142ego kraju. W tajniki gospodarki finansowej pa\u0144stwa wprowadzi\u0142 obecnych na wyk\u0142adzie s\u0142uchaczy UTW aktualny Marsza\u0142ek Wojew\u00f3dztwa \u015al\u0105skiego p. Miros\u0142aw Seku\u0142a. ?<\/p>\n<p>Z prezentowanych danych jednoznacznie wynika, \u017ce daleko nam jeszcze do pot\u0119g gospodarczych \u015bwiata, ale fakt funkcjonowania w Unii Europejskiej sprzyja poprawie kondycji finansowej pa\u0144stwa &#8230;<\/p>\n<p style=\"text-align: right;\">Jerzy Migo\u0144<\/p>\n<p style=\"text-align: right;\">\n<p>06.02.2013 r.<\/p>\n<p><strong>\u015awi\u0119toch\u0142owice na mapach g\u00f3rniczych<\/strong><\/p>\n<p>Za spraw\u0105 red. Alana Zycha studenci UTW odbyli historyczn\u0105 podr\u00f3\u017c po wszystkich dzielnicach wsp\u00f3\u0142czesnych \u015awi\u0119toch\u0142owic. Dzi\u0119ki bogatym zbiorom, zachowanych map g\u00f3rniczych, mo\u017cna by\u0142o m. in.: zobaczy\u0107 jak wygl\u0105da\u0142 Chropacz\u00f3w przed budow\u0105 pierwszego ko\u015bcio\u0142a, gdzie znajdowa\u0142y si\u0119 nieistnie-j\u0105ce ju\u017c kolonie g\u00f3rnicze, a nawet policzy\u0107 chlewiki na osiedlach robotniczych. Ciekawym zagadnieniem by\u0142o r\u00f3wnie\u017c zmieniaj\u0105ce si\u0119 nazewnictwo ulic, kt\u00f3re nast\u0119powa\u0142o wraz ze zmian\u0105 granic pa\u0144stwowych. Dzi\u015b w \u015awi\u0119toch\u0142owicach nie spotkamy ju\u017c ulic: Siod\u0142owej, czy Seda\u0144skiej ?<\/p>\n<p style=\"text-align: right;\">\u00a0\u00a0\u00a0\u00a0\u00a0\u00a0\u00a0 Alan Zych<\/p>\n<p style=\"text-align: right;\">\n<p>04.02.2013 r.<\/p>\n<p><strong>Bezpiecze\u0144stwo Senior\u00f3w.<\/strong><\/p>\n<p>Kodeks cywilny, karny, drogowy, prawo administracyjne, czy sp\u00f3\u0142dzielcze to tylko niekt\u00f3re z norm prawnych, w g\u0105szczu kt\u00f3rych zmuszeni jeste\u015bmy porusza\u0107 si\u0119 w naszym codziennym \u017cyciu. Dla wielu z nas to taka sama trudno\u015b\u0107, jak bezpieczne poruszanie si\u0119 po ulicach du\u017cego, nieznanego sobie miasta ?<\/p>\n<p>Wyk\u0142ad p. Jerzego Kryczki (b. Komendant Policji w \u015awi\u0119toch\u0142owicach) to tylko wst\u0119p do cyklu spotka\u0144 po\u015bwi\u0119conych poczuciu bezpiecze\u0144stwa os\u00f3b starszych.<\/p>\n<p>Jerzy Migo\u0144<\/p>\n<p>&nbsp;<\/p>\n<p>30.01.2013 r.<\/p>\n<p><strong>Promocja zachowa\u0144 prozdrowotnych os\u00f3b w wieku starszym.<\/strong><\/p>\n<p>Prof. dr hab. W\u0142adys\u0142aw Mynarski (AWF w Katowicach), jako ekspert w dziedzinie zdrowego stylu \u017cycia, przekaza\u0142 s\u0142uchaczom wiele niezwykle\u00a0cennych informacji na ten w\u0142a\u015bnie temat. Zach\u0119caj\u0105c wszystkich, do wzmo\u017conej aktywno\u015bci fizycznej, przekonywa\u0142, i\u017c mamy okazj\u0119 wesprze\u0107 w\u0142a\u015bciwym trybem \u017cycia nasze zdrowie. W okresie tzw.\u00a0?wieku trzeciego? ro\u015bnie zagro\u017cenie chorobami kr\u0105\u017cenia, nadci\u015bnieniem t\u0119tniczym oraz innymi dolegliwo\u015bciami. Du\u017ca aktywno\u015b\u0107 ruchowa (dostosowana do indywidualnych mo\u017cliwo\u015bci) w po\u0142\u0105czeniu z w\u0142a\u015bciw\u0105 diet\u0105 to najlepsza profilaktyka w tej dziedzinie. &#8230; Zauwa\u017cy\u0142 tak\u017ce, \u017ce sam fakt uczestniczenia w zaj\u0119ciach Uniwersytet\u00f3w Trzeciego Wieku, jest doskona\u0142ym przejawem aktywno\u015bci fizycznej i intelektualnej, kt\u00f3ra sprzyja naszemu zdrowiu.<\/p>\n<p>Halina S\u0119kowska<\/p>\n<p>&nbsp;<\/p>\n<p>16.01.2013 r.<\/p>\n<p><strong>Kambod\u017ca ? pi\u0119kny kraj o trudnej historii<\/strong><\/p>\n<p>Dzi\u0119ki, bogato ilustrowanej zbiorem fotografii, opowie\u015bci mgr A. \u017burek, dane nam by\u0142o przenie\u015b\u0107 si\u0119 na chwil\u0119 w odleg\u0142y region po\u0142udniowo-wschodniej Azji ? do Kambod\u017cy. To kraj, o kt\u00f3rym m\u00f3wi si\u0119 niewiele nawet na szkolnych lekcjach geografii, czy historii ? a z pewno\u015bci\u0105 warto.<\/p>\n<p>Nasza ?wyprawa? by\u0142a mieszank\u0105 tego co najlepsze w Azji; wspania\u0142ych zabytk\u00f3w (kompleksu \u015bwi\u0105ty\u0144 Angkor Wat i Bayon), dzikiej egzotycznej przyrody ?po\u017ceraj\u0105cej? ruiny dawnych budowli, wspania\u0142ych piaszczystych pla\u017c (w Sihan-oukville) i przyjaznych ludzi &#8230; ale tak\u017ce powrotem do trudnej, wci\u0105\u017c \u017cywej i tra-gicznej historii czas\u00f3w dyktatury Czerwonych Khmer\u00f3w.<\/p>\n<p>Jerzy Migo\u0144<\/p>\n<p>&nbsp;<\/p>\n<p>12.12.2012 r.<\/p>\n<p><strong>Przy wigilijnym stole ?<\/strong><\/p>\n<p>? Magiczna aura, towarzysz\u0105ca zbli\u017caj\u0105cym si\u0119 \u015bwi\u0119tom Bo\u017cego Narodzenia stanowi\u0142a doskona\u0142a okazj\u0119 do kolejnego okoliczno\u015bciowego spotkania. Ju\u017c nie w wyk\u0142adowej sali, ale przy \u015bwi\u0105tecznym stole, tradycyjnymi \u017cyczeniami i symbo-licznym op\u0142atkiem dzielili si\u0119 ze studentami UTW tak\u017ce zaproszeni go\u015bcie: <strong><em>Dawid Kostempski <\/em><\/strong>(Prezydent Miasta),<strong><em> Marek Palka<\/em><\/strong> (Przewodnicz\u0105cy RM), Radni ? <strong><em>Jerzy Wawrzyczek<\/em><\/strong> i <strong><em>Jerzy Migo\u0144 <\/em><\/strong>a tak\u017ce nasi wyk\u0142adowcy: <strong><em>prof. Jan Grzesik,<\/em><\/strong> <strong><em>prof. Jan \u015al\u0119\u017cy\u0144ski<\/em><\/strong> oraz <strong><em>ks. Andrzej Rolnik <\/em><\/strong>(Dyrektor Salezja\u0144skiego Zespo\u0142u Szk\u00f3l Publicznych) ?<\/p>\n<p>Wsp\u00f3lnym \u017cyczeniem nas wszystkich\u00a0jest: <strong><em>by ?raczkuj\u0105cy? ci\u0105gle Uniwersytet sta\u0142 si\u0119\u00a0istotnym elementem w \u017cyciu nie tylko grona swych s\u0142uchaczy, ale ca\u0142ego miasta, jako \u017ar\u00f3d\u0142o ciekawych inicjatyw i rosn\u0105cej aktywno\u015bci spo\u0142ecznej.\u00a0<\/em><\/strong><\/p>\n<p>Jerzy Migo\u0144<\/p>\n<p>&nbsp;<\/p>\n<p>05.12.2012 r.<\/p>\n<p><strong>Podr\u00f3\u017c sentymentalna ?<\/strong><\/p>\n<p>Prof. Stanis\u0142aw Nicieja (Rektor Uniwersytetu Opolskiego) goszcz\u0105cy z wyk\u0142a-dem na forum \u015bwi\u0119toch\u0142owickiego UTW poprowadzi\u0142 nas do \u015bwiata, o kt\u00f3rym kiedy\u015b kazano nam zapomnie\u0107, zwanego sentymentalnie Kresami Wschodnimi. Do \u015bwiata, do kt\u00f3rego wzdychali nasi dziadkowie i rodzice. ? Powr\u00f3cili\u015bmy na chwil\u0119 do pejza\u017cy z kart <strong><em>Trylogii <\/em><\/strong>wyidealizowanych wspomnie\u0144 z wile\u0144skiej kawiarni, dawnych dwor\u00f3w i pa\u0142ac\u00f3w. Po wielu latach mogli\u015bmy znowu powr\u00f3ci\u0107 na zakazane dawniej tereny, by przybli\u017cy\u0107 sobie zabytki Wilna, Lwowa, Kamie\u0144ca Podolskiego, Chocimia czy Beresteczka, gdzie toczy\u0142y si\u0119 zmagania, kt\u00f3re formowa\u0142y nasz narodowy charakter.<\/p>\n<p>Otwar\u0142y si\u0119 przed nami ponownie karty ponurej historii powojennych wysiedle\u0144 blisko miliona Polak\u00f3w, dla kt\u00f3rych Polska stanowi\u0142a wi\u0119ksz\u0105 warto\u015b\u0107 ni\u017c posiadane wcze\u015bniej dobra ?<\/p>\n<p>Jerzy Migo\u0144<\/p>\n<p>&nbsp;<\/p>\n<p>30.11.2012 r.<\/p>\n<p><strong>Andrzejkowy wiecz\u00f3r w scenerii malowniczej Toskanii<\/strong><\/p>\n<p>W filmowej scenerii malowniczej Toskanii zebrani s\u0142uchacze \u015bwi\u0119toch\u0142o-wickiego UTW oddali si\u0119 towarzyskim rozmowom i okoliczno\u015bciowym zabawom charakterystycznym dla ?andrzejkowych spotka\u0144?. Wsp\u00f3lnie sp\u0119dzony wiecz\u00f3r odmienny od tradycyjnych zaj\u0119\u0107 i wyk\u0142ad\u00f3w by\u0142 doskona\u0142\u0105 okazj\u0105 do integracji licznej grupy naszych student\u00f3w ?<\/p>\n<p>Jerzy Migo\u0144<\/p>\n<p>&nbsp;<\/p>\n<p>21.11.2012 r.<\/p>\n<p><strong>Od wynik\u00f3w do skutecznego leczenia ?<\/strong><\/p>\n<p>?Litwo ! Ojczyzno moja ! Ty jeste\u015b jak zdrowie. &#8230;\u00a0&#8221;<\/p>\n<p>? To jednak nie tw\u00f3rczo\u015b\u0107 naszego wieszcza, ani te\u017c patriotyczny duch epoki romantyzmu by\u0142y tematem kolejnego wyk\u0142adu prezentowanego na forum UTW.<\/p>\n<p>W swej zajmuj\u0105cej prelekcji prof. Jan Grzesik zwr\u00f3ci\u0142 uwag\u0119 s\u0142uchaczy na przyczyny naszych zdrowotnych niedomaga\u0144 oraz rang\u0119 bada\u0144 medycznych w procesie prawid\u0142owego leczenia. Przybli\u017cy\u0142 nam metodologi\u0119 okre\u015blania obowi\u0105zuj\u0105cych norm i w\u0142a\u015bciw\u0105 interpretacje wynik\u00f3w prowadzonych bada\u0144 lekarskich. Wszak to one s\u0105 podstaw\u0105 medycznego diagnozowania i stanowi\u0105 o istocie leczenia przyczynowego. Mog\u0105 by\u0107 te\u017c doskona\u0142ym narz\u0119dziem w dziedzinie profilaktyki medycznej ?<\/p>\n<p style=\"text-align: right;\">\u00a0\u00a0\u00a0 Jerzy Migo\u0144<\/p>\n<p style=\"text-align: right;\">\n<p>14.11.2012 r.<\/p>\n<p><strong>S\u0142owo o Kilarze ?<\/strong><\/p>\n<p>O Wojciechu Kilarze opowiedzia\u0142 z ogromn\u0105 pasj\u0105 i znawstwem na wczoraj-szym wyk\u0142adzie prof. Leon Markiewicz.<\/p>\n<p>Wojciech Kilar to jeden z najbardziej utalentowanych i najbardziej popu-larnych polskich kompozytor\u00f3w. Tworzy muzyk\u0119 klasyczn\u0105 i filmow\u0105 od ponad 50 lat. Odni\u00f3s\u0142 wielkie sukcesy w Polsce jak i za granic\u0105. Jest autorem muzyki do ponad 130 film\u00f3w. Komponowa\u0142 mi\u0119dzy innymi muzyk\u0119 do film\u00f3w: Krzysztofa Zanussiego, Andrzeja Wajdy, Kazimierza Kutza, Romana Pola\u0144skiego, Krzysztofa Kie\u015blowskiego, a na \u017cyczenie Francisa Forda Coppoli skomponowa\u0142 muzyk\u0119 do filmu <em>Dracula . <\/em>W 1999 roku Uniwersytet Opolski przyzna\u0142 mu tytu\u0142 doktora honoris causa, a w 2012 r. otrzyma\u0142 tytu\u0142 honoris causa Wydzia\u0142u Teologicznego Uniwersytetu \u015al\u0105skiego. Z r\u0105k abpa Damiana Zimonia otrzyma\u0142 w 1995 r. nagrod\u0119 Lux et Silesia.<\/p>\n<p>Obecni na wyk\u0142adzie mieli okazj\u0119 wys\u0142ucha\u0107 fragmentu najs\u0142ynniejszego utworu Kilara &#8211; poematu symfonicznego <em>Krzesany<\/em>; Utwory Wojciecha Kilara budzi\u0142y wielo-krotnie op\u00f3r i konsternacj\u0119 prostot\u0105 kompozycji oraz nieukrywan\u0105 religijno\u015bci\u0105.<\/p>\n<p>Profesor Markiewicz zaprezentowa\u0142 opr\u00f3cz fragment\u00f3w muzyki filmowej ? znakomite fragmenty utwor\u00f3w religijnych, takich jak <em>Missa Pro Pace i Angelus. <\/em>Ol\u015bniewaj\u0105ce pi\u0119kno muzyki Wojciecha Kilara i zachwycaj\u0105ca o Nim opowie\u015b\u0107 sprawi\u0142y, \u017ce wyk\u0142ad pozostanie na zawsze w naszej pami\u0119ci.<\/p>\n<p>Krystyna Rawska<\/p>\n<p>&nbsp;<\/p>\n<p>22.10.2012 r.<\/p>\n<p><strong>Nie rezygnujmy z marze\u0144 ?<\/strong><\/p>\n<p>Spotkanie z p. Wojciechem Kukuczk\u0105 (syn znanego alpinisty) by\u0142o okazj\u0105 do poznania historii ?niezwyk\u0142ej wyprawy? &#8211; <strong><em>Z ha\u0142dy w Himalaje. <\/em><\/strong>Ta kr\u00f3tka (filmowa) wycieczka na ?dach \u015bwiata? posiada\u0142a nie tylko walory krajoznawcze, ale przekonuje nas, \u017ce warto marzy\u0107. ?<\/p>\n<p>Marzenia mamy wszyscy. To one dodaj\u0105 uroku naszemu \u017cyciu. Jednak tylko niekt\u00f3rym dane jest ich spe\u0142nienie. Wi\u0119kszo\u015bci z nas nie wystarcza wiary i konsekwencji do pe\u0142nej ich realizacji. &#8230; A szkoda<\/p>\n<p>&#8230; Nie przestawajmy marzy\u0107. Pom\u00f3\u017cmy w ich spe\u0142nieniu sobie i innym.<\/p>\n<p>Jerzy Migo\u0144<\/p>\n<p>&nbsp;<\/p>\n<p>18.10.2012 r.<\/p>\n<p><strong>Inauguracja<\/strong><\/p>\n<p>Ju\u017c drugi raz na forum \u015bwi\u0119toch\u0142owickiego UTW zabrzmia\u0142y d\u017awi\u0119ki tradycyjnego <strong><em>Gaudeamus Igitur, <\/em><\/strong>inauguruj\u0105c kolejny rok akademicki. Podobnie, jak przed rokiem rozdano okoliczno\u015bciowe kwiaty i upominki oraz legitymacje studenckie dla nowych s\u0142uchaczy?<\/p>\n<p>Wyk\u0142ad p. Andrzeja Kra\u015bnickiego (Prezes PKOl) ?natchn\u0105\u0142? nas duchem idei olimpijskiej, mobilizuj\u0105cym do wznowienia studenckich zaj\u0119\u0107 po wakacyjnej przerwie. Ju\u017c w najbli\u017cszych dniach pierwsze spotkania z wyk\u0142adowcami ? i tak przez najbli\u017cszych klika miesi\u0119cy.<\/p>\n<p>Dzi\u0119kujemy przyby\u0142ym go\u015bciom (Prezydent Miasta &#8211; Dawid Kostempski; przedstawiciele katowickiej AWF &#8211; Prorektor dr hab. Teresa Socha i prof. Jan \u015al\u0119\u017cy\u0144ski) za u\u015bwietnienie naszej uroczysto\u015bci.\u00a0\u00a0Wyra\u017camy nadziej\u0119, \u017ce wzajemne deklaracje kontynuacji dobrej wsp\u00f3\u0142pracy przynios\u0105 oczekiwane efekty, wnosz\u0105c nowe warto\u015bci w \u017cycie naszych s\u0142uchaczy i wszystkich mieszka\u0144c\u00f3w \u015awi\u0119toch\u0142owic.<\/p>\n<p>Jerzy Migo\u0144<\/p>\n","protected":false},"excerpt":{"rendered":"<div class=\"mh-excerpt\"><p>29.05.2013 r. Uroczyste zako\u0144czenie Roku Akademickiego UTW 2012\/13 Drugi rok akademickich zaj\u0119\u0107 \u015bwi\u0119toch\u0142owickiego UTW min\u0105\u0142 szybciej ni\u017c mo\u017cna by\u0142o si\u0119 spodziewa\u0107. Ciekawe wyk\u0142ady i zaj\u0119cia <a class=\"mh-excerpt-more\" href=\"http:\/\/xonit.eu\/utwswce\/rok-akademicki-20122013\/\" title=\"Rok akademicki 2012\/2013\">[&#8230;]<\/a><\/p>\n<\/div>","protected":false},"author":1,"featured_media":0,"parent":0,"menu_order":0,"comment_status":"closed","ping_status":"closed","template":"","meta":{"_vp_format_video_url":"","_vp_image_focal_point":[],"footnotes":""},"class_list":["post-219","page","type-page","status-publish","hentry"],"_links":{"self":[{"href":"http:\/\/xonit.eu\/utwswce\/wp-json\/wp\/v2\/pages\/219","targetHints":{"allow":["GET"]}}],"collection":[{"href":"http:\/\/xonit.eu\/utwswce\/wp-json\/wp\/v2\/pages"}],"about":[{"href":"http:\/\/xonit.eu\/utwswce\/wp-json\/wp\/v2\/types\/page"}],"author":[{"embeddable":true,"href":"http:\/\/xonit.eu\/utwswce\/wp-json\/wp\/v2\/users\/1"}],"replies":[{"embeddable":true,"href":"http:\/\/xonit.eu\/utwswce\/wp-json\/wp\/v2\/comments?post=219"}],"version-history":[{"count":1,"href":"http:\/\/xonit.eu\/utwswce\/wp-json\/wp\/v2\/pages\/219\/revisions"}],"predecessor-version":[{"id":220,"href":"http:\/\/xonit.eu\/utwswce\/wp-json\/wp\/v2\/pages\/219\/revisions\/220"}],"wp:attachment":[{"href":"http:\/\/xonit.eu\/utwswce\/wp-json\/wp\/v2\/media?parent=219"}],"curies":[{"name":"wp","href":"https:\/\/api.w.org\/{rel}","templated":true}]}}